p be 2 + 1*(0 + 15). Suppose 940 = 22*v - p*v. What is the units digit of v?
8
Suppose 3*o = 4*n + 212, -n + 16 = 3*n. Let y = o - 55. What is the tens digit of y?
2
Suppose 21*v - 15*v = 990. Suppose 132 = 3*s - v. What is the tens digit of s?
9
Suppose -7520 - 2270 = -5*f. What is the units digit of f?
8
Let k(z) = z + 1. Let f(c) = -57*c**2 + 3*c + 1. Let x(n) = -f(n) + 2*k(n). Let t(w) = -11*w - 560. Let p be t(-51). What is the tens digit of x(p)?
5
What is the tens digit of 77550/34 + -9 + 1860/204?
8
Let n(y) = y + 1710. What is the tens digit of n(0)?
1
Let i(n) = 6*n + 25. Let r be i(-5). Suppose -2*s + 0*j - 20 = 2*j, 0 = -5*s + 5*j - 70. What is the units digit of (r/(-2))/((-2)/s)?
5
Let p(v) = v**2 - 5*v + 2. Let h be p(-3). Let x = 70 + h. What is the units digit of x?
6
Let g = 1951 + -1218. What is the tens digit of g?
3
Suppose -66 = -3*c + 15. Let r(d) = 2*d - 4. Let o be r(5). What is the units digit of (-22)/(-18) - o/c?
1
Suppose -33 - 87 = -4*p - 4*s, -55 = -2*p - 3*s. Let u be 14*(0 - (-10)/p). What is the units digit of (u + -12)/(-4) - 0?
2
Let i = 59 + -54. Suppose 0 = 6*b - i*b - 35. What is the units digit of b?
5
Let y = 647 - 401. Suppose y = 5*o + o. What is the units digit of o?
1
Suppose 0 = -4*o - 526 + 5966. What is the units digit of o?
0
Suppose 11*z - 263 = 1046. What is the tens digit of z?
1
Let p(i) = i**2 - 9*i - 8. Let f(x) = x**2 - 8*x - 8. Let v(h) = 5*f(h) - 6*p(h). Let g be v(13). Let c = g + -20. What is the units digit of c?
1
Suppose 181163 = 42*a + 42773. What is the units digit of a?
5
Suppose 0 = -0*a - 6*a - 384. Let h = a - -112. Let t = 0 + h. What is the units digit of t?
8
Suppose 28*z - 15*z - 25051 = 0. What is the tens digit of z?
2
Let c(q) = -892*q + 15. What is the tens digit of c(-1)?
0
Let s be (-2)/7 - (-163)/7. Let u = -388 - -377. Let t = s - u. What is the units digit of t?
4
Let l(b) = -3*b - 14. Let k be l(0). What is the units digit of (-1508)/k + 1/(-7)*-2?
8
Let i = 489 - 277. What is the hundreds digit of i?
2
Let f(b) = -2*b. Let m be f(-1). Suppose -2*u + 0*u = m. What is the units digit of (-18)/(1 + -3) + u?
8
Suppose 21*w + 1228 - 11014 = 0. What is the tens digit of w?
6
Suppose q + 0*q + 4*q = 0. Suppose -5*p - 4*p + 702 = q. What is the tens digit of p?
7
Let h(y) = y**2 - 2. Let w be h(2). Suppose -x + 233 = 4*x + 2*n, 0 = -x + w*n + 37. What is the tens digit of x?
4
Let u(x) = x**3 - 14*x**2 - 21*x - 9. Let z be u(15). Let d = z + 191. What is the tens digit of d?
9
Suppose 31*b - 23577 = -6217. What is the tens digit of b?
6
Let p = 12 - 10. Suppose -v = p*q + 60, -4*v - 4*q - 240 = -0*v. What is the units digit of (-2 - 1)/(10/v)?
8
Let t = 2406 - 1150. What is the thousands digit of t?
1
Let p = 30 + -8. Let h = -3 + 6. Suppose -p = -h*v + 2*b, -4*b - 26 = -6. What is the units digit of v?
4
Let f be 129 - (3 - 1 - (-1 + 2)). Suppose f = -4*n + 5*n. What is the units digit of n?
8
Let h = -357 - -601. What is the hundreds digit of h?
2
Suppose 2*y + 25700 = 5*n, 15*n - 18*n + 15420 = -2*y. What is the thousands digit of n?
5
Let j(p) = -p - 1. Let h(k) = -k - 9. Let r be h(-7). What is the units digit of j(r)?
1
Suppose -2*g = 10, -90 = -5*z - 2*g + 10. Let p = -18 + z. Let y(u) = 3*u**2 + 5*u - 9. What is the tens digit of y(p)?
5
Let r(l) = l**3 + 8*l**2 + 11*l - 2. Let o be r(-6). Suppose -a + 72 = o*i, -i + a + 27 = -a. What is the tens digit of i?
1
Suppose 3*o + o - 3*w = 8207, 3 = w. What is the thousands digit of o?
2
Let i = 863 - 339. What is the hundreds digit of i?
5
Let f(o) = o**2 - 11*o - 12. Let h be f(12). Let s = h + 1. Let t = 4 - s. What is the units digit of t?
3
Let l be 6/7*(-14)/(-9)*3. What is the hundreds digit of -2*-2*169/l?
1
Let z be 52/(-16) + (-3)/4. What is the units digit of -4*(182/z - -4)?
6
What is the hundreds digit of (90174/(-95))/(6/(-20))?
1
Let d(i) = 2*i**2 - 14*i + 5. Let l be d(7). Suppose -3*b + 225 = -180. Suppose 5*g = l*r + 5 - 160, 5*r = g + b. What is the tens digit of r?
2
Let h(f) = 12*f - 44. Let g be h(10). Let y be (-979)/(-9) + (-2)/(-9). Let b = y - g. What is the tens digit of b?
3
Suppose -o + 42 = -4*o. Let z be (-19)/(-7) + (-4)/o. Let g(h) = h**3 - h**2 - 2. What is the tens digit of g(z)?
1
Suppose -v + 252 = 4*j, 22*j - 1324 = -5*v + 18*j. What is the units digit of v?
8
Let s be (5 + (1 - 6))*(-1)/2. Suppose 4*r - 391 = 2*v + 3*v, 5*r - 3*v - 479 = s. What is the tens digit of r?
9
Let z = 39 - 37. Suppose 7*g - 335 = z*g. What is the units digit of g?
7
Let j be (-363)/(-4) + (-20)/(-16). Suppose -4*y - 3*d = -121, -243 + j = -4*y + 3*d. What is the tens digit of y?
3
Let l(b) = 3*b**3 - 36*b**2 + 14*b - 29. What is the units digit of l(13)?
0
Let r = -12 + 10. Let n be (r + 5/3)*3. Let s = 20 + n. What is the units digit of s?
9
Let y(x) = -x**3 + 4*x**2 + 13*x - 11. Let t be y(6). What is the tens digit of t - 0 - (-67 + 5)?
5
Let y = 40 + 189. Let j = y + -134. What is the tens digit of j?
9
Suppose -5*h = 6*w - 3*w - 931, -5*h - 317 = -w. What is the tens digit of w?
1
Suppose 2630 = 2*u - 3*x, 0*u = -4*u + 2*x + 5244. What is the thousands digit of u?
1
Let u(d) = d**2 + 13*d + 88. What is the tens digit of u(-20)?
2
Let p = 64 + -62. Let w(n) = -8*n. Let v be w(-6). Suppose -52 = -c - 3*x, -p*c = -5*x - v - 1. What is the units digit of c?
7
Let s = 27 + -46. Suppose -2*l - 76 = -0*l. Let g = s - l. What is the tens digit of g?
1
Let v(q) = -2*q**3 - 7*q**2 - 4*q - 2. Let s be v(-6). Suppose -3*d - d = -5*f + 204, -2*d - s = -5*f. What is the tens digit of f?
4
Suppose 0 = 2*h - 0*h - 4. Suppose h*l = -2*c + 10, 2*c - 5*c = -3. Suppose 202 = 4*a + 3*k, l*a - 3*k = -8*k + 206. What is the units digit of a?
9
Let z be 6/3 - (-2 - -32). Let q = z + 67. What is the units digit of q?
9
Let s(v) = v**3 - 3*v**2 - 59 - 3*v + 7*v**2 + 63. Suppose 14 - 2 = -3*x. What is the tens digit of s(x)?
1
Suppose -3*p = -5*k + 140, 0*p - 144 = -4*k - 4*p. Suppose f + 3 + 1 = 0. What is the units digit of k/((-3 - f)*1)?
1
Suppose 2*b + 10 = 0, -32 = -2*q + q - 3*b. Suppose -v + q - 7 = 0. What is the units digit of v?
0
Let h(m) = 10*m + 17. Suppose -z = -4*z + 2*c + 79, 2*z = -2*c + 46. What is the hundreds digit of h(z)?
2
Suppose -5*v + 5*q = -1057 - 3903, 0 = 4*v + 4*q - 4008. What is the tens digit of v?
9
Suppose -d + 2912 = -c, -35 = c - 36. What is the tens digit of d?
1
Suppose -3*p = -6 - 3. Suppose 6*f - 2*f - 4*z = 212, p*z = 2*f - 110. What is the tens digit of f?
4
Suppose -u + 1 = 0, 3*f - 4*u + 33 + 4 = 0. Let a = -8 - f. Suppose -3*c + 15 = a*q, -4*q + 2*c + 14 = -30. What is the units digit of q?
9
Let p = 1042 - 755. What is the tens digit of p?
8
Let x(z) = z**2 + 8*z + 8. Let y be x(-6). Let q(t) = -t**2 + 5*t + 3. Let w(f) = -f**2 + 4*f + 3. Let j(g) = y*w(g) + 3*q(g). What is the tens digit of j(6)?
2
Let n = -18 + 20. Let j be (n - -2)/(3/111). Suppose -6*t = -j - 68. What is the units digit of t?
6
Suppose 8*d - 364 = -36. What is the units digit of -1 + d - -1 - 6/(-3)?
3
Let f(p) = 34*p - 2. Let x(k) = -k**3 + 2*k**2 + 2*k + 6. Let d(i) = i - 1. Let s(z) = -d(z) + x(z). Let t be s(3). What is the units digit of f(t)?
2
Suppose 4*p + 0*p = 12, 4*p = o + 12. What is the units digit of (-10)/(-10) - (-2 - (o - -1))?
4
Suppose 8*g - 8446 = 2418. What is the thousands digit of g?
1
Let j(g) be the first derivative of g**3 + 2*g**2 - 11*g - 4. What is the tens digit of j(-5)?
4
Let g = -77 - -14. Let k = g - -76. What is the tens digit of k?
1
Let v be ((-1)/2)/(1/(-204)). Suppose -5*d + 102 = 3*z - 27, -2*z + 2*d + v = 0. What is the tens digit of z?
4
Let m = -6 + 9. Suppose -946 = 12*u - 2410. Suppose -m*h - s = -u, -s - 46 = -h - 8. What is the units digit of h?
0
What is the thousands digit of (-3 + (12/4 - 346))*-12?
4
Let u = -41 + 46. Suppose 0 = 3*m - u*a - 36, -4*m - 2*a + 0*a + 22 = 0. What is the units digit of m?
7
Let l(b) = -16*b - 4. Let u be l(-1). What is the tens digit of 3*(-2)/u*-166?
8
Let y = -27 - -45. Suppose -3*v + y = -q + 4*q, 2*v - q = 24. What is the tens digit of (v/(-3))/(8/(-72))?
3
Suppose 5*a - 44 = -3*q, 4*q + 2*a + 0*a = 40. Let g(r) = 2*r - 4. Let w be g(0). What is the units digit of 37 + w + 0 + q?
1
Suppose -5*r = -o - 3 - 9, -2 = 4*o 